factors of a(u)?
2, 3
Let k be 40/18 + (-4)/18. Suppose -k*v + 36 = v. List the prime factors of v.
2, 3
Suppose -5*i - p + 8 = -5, 3*i - 2*p - 13 = 0. Suppose -i*k = k. Suppose 4*c - 44 = -k*c. List the prime factors of c.
11
Suppose 5*s - 5 = 55. Let x = 3 + s. What are the prime factors of x?
3, 5
Suppose -2 = x - 2*x. Suppose -x*z + 5 = 4*m + 3, 4*z + 4 = 0. Let s = 11 + m. What are the prime factors of s?
2, 3
Let g = 57 + -18. Let s = g + -28. List the prime factors of s.
11
Suppose 8*b = 7*b + 23. Suppose -b = 3*l + 112. What are the prime factors of (16/20)/((-2)/l)?
2, 3
Suppose 2*x - 4 = 2*w, -2*x - 4*w + w - 6 = 0. What are the prime factors of 2*(5 + -1 + x)?
2
Let v(f) be the third derivative of 0 + 0*f + f**3 - 1/60*f**5 - 3/8*f**4 - 2*f**2. List the prime factors of v(-9).
2, 3
Let g(r) = r**3 - 5*r**2 + 5*r + 2. List the prime factors of g(5).
3
Suppose 0 = j + 2*a - 2, 4*j - 3*a = 3*j + 2. Let r(u) = -u. Let b be r(j). List the prime factors of -5*-2*b/(-4).
5
Let z(h) = -h + 7. Let y(i) = -i + 4. Let l(p) = 11*y(p) - 6*z(p). List the prime factors of l(-1).
7
Suppose -3*a = 2*a - 60. List the prime factors of a.
2, 3
Suppose 2*n = -54 - 52. Let l = n - -106. What are the prime factors of l?
53
Let a be -12*(-2)/(-2)*-1. Let c be (a/15)/((-3)/(-15)). Suppose -c = -n - n. What are the prime factors of n?
2
Let a(w) = w**2 + 5*w - 18. List the prime factors of a(-9).
2, 3
Let x(c) = c**3 + c**2 - c + 1. Let o be x(0). Let t be o - (2 + (-2)/(-2)). What are the prime factors of 0 - (-2 + t/2)?
3
Let t = -29 + 50. List the prime factors of t.
3, 7
Let z = -30 + 71. Suppose 3*t = 4*t + 20. Let q = t + z. What are the prime factors of q?
3, 7
Let y(q) = -51*q + 4. What are the prime factors of y(-1)?
5, 11
Let q be 2 + 0*(3 + -2). Suppose -3*d - 2*d - 50 = -3*k, q*k - 17 = d. Let s = -4 - d. List the prime factors of s.
3
Let s(x) be the second derivative of -x**5/20 + 2*x**4/3 - 5*x**3/3 + 3*x**2 + 4*x. What are the prime factors of s(6)?
2, 3
Suppose -5*x + 2*i = -149, 0 = x - 0*x - 2*i - 25. What are the prime factors of x?
31
Suppose -3*u + 3*q = -10 - 8, 16 = 3*u - 2*q. Let d = -44 - -55. Let k = d + u. List the prime factors of k.
3, 5
Let i be 2 + -3 + 5 + 1. Let r = 3 - i. List the prime factors of ((-6)/(-4))/((-1)/r).
3
Suppose 21 - 2658 = -9*n. List the prime factors of n.
293
Suppose -2*p + 126 = -304. Suppose -p = 10*q - 15*q. List the prime factors of q.
43
Suppose -77 = 2*f + 27. List the prime factors of (-2)/(-6) + f/(-6).
3
Let b = 117 - 65. List the prime factors of b.
2, 13
Suppose 5*f - f = 0. Suppose n + 3*n - 40 = f. List the prime factors of n.
2, 5
Suppose 0 = w + 3*w - 20. Let m be (-1)/(153/(-75) - -2). Suppose 3*v = 0, 5*a = -0*a + w*v + m. What are the prime factors of a?
5
Let t(z) = z + 9. Let u be t(-8). Let f(c) = 41*c**3 + 1. What are the prime factors of f(u)?
2, 3, 7
Let i(o) = 4*o**2 + 2*o - 5. Let g(z) = -1. Let r(x) = -3*g(x) + i(x). List the prime factors of r(2).
2, 3
Suppose -f - 3*m + 77 = 4*f, 2*f = -5*m + 27. What are the prime factors of f?
2
Suppose 0 = -4*r - 3*f + f + 68, 0 = -3*r + f + 56. Suppose r + 14 = 2*g. What are the prime factors of g?
2
Suppose -5*l + 5 = 0, v - 3*l = -2*l + 1. What are the prime factors of -3 - 1/(v/(-84))?
3, 13
Suppose 34 = 3*n - 56. Suppose -j + 6*j = n. List the prime factors of j.
2, 3
Let k(i) = -i**2 + 28. List the prime factors of k(0).
2, 7
Suppose 2*h = -3*k + 827, -3*k - 5*h + 830 = -0*h. What are the prime factors of k?
5, 11
Let t(x) = 9*x - 2. Let v(z) = -z**3 - z**2 + 2*z + 3. Let i be v(-2). What are the prime factors of t(i)?
5
Suppose 3*y + 201 = 4*y. List the prime factors of y.
3, 67
Let w(u) = u**3 + 6*u**2 + 4*u - 2. Suppose 2*p = -2*p + 20. Suppose 5*t - 2*t = 3*b, -2*b = -t + p. What are the prime factors of w(t)?
3
Let y = 3 - -5. Suppose -y*v = -3*v - 50. List the prime factors of v.
2, 5
Let x = 121 - -18. What are the prime factors of x?
139
Suppose 5*g - 14 = -4. Suppose -17 = -5*n + v, 5 = -g*n + 5*v - 2. Suppose 0 = 3*d + n - 25. List the prime factors of d.
7
What are the prime factors of 2/7 + 876/21?
2, 3, 7
Let z(j) = -j**2 - 6*j + 6. Let m be z(-5). Suppose -m = -4*d + 9. Suppose 4*g + d*q - 41 + 18 = 0, 0 = -2*q - 10. List the prime factors of g.
2, 3
Let v(n) = 4*n**2 + 5*n + 2. List the prime factors of v(-4).
2, 23
Let h = 0 - -17. Let s = h + -12. What are the prime factors of s?
5
Let g be (-9)/6*-2*1. Let f(v) be the first derivative of v**3/3 + v**2 - 3*v - 6. List the prime factors of f(g).
2, 3
Suppose 5*u - 737 = -f, 0 = -3*u + 2*f - 3*f + 443. List the prime factors of u.
3, 7
Suppose -6 = -0*j + j - 4*x, -3*j + 14 = 4*x. List the prime factors of (-2 - -12)*2/j.
2, 5
Suppose 0 = 2*t - 6. Suppose 0 = -2*o + 3*o + t*p + 13, -15 = 3*o + p. List the prime factors of 16/(-12)*6/o.
2
Let h(o) = 4*o. Suppose 4*l = -l + 20. Suppose 20 = -2*t + 7*t, l*r + 4*t = 28. What are the prime factors of h(r)?
2, 3
Let c(n) = 4*n**2 + 15. What are the prime factors of c(-6)?
3, 53
Suppose -5*s + 2*w + 198 = 0, s + 0*s - 37 = 3*w. Let o = s - 8. List the prime factors of o.
2
Let n(x) = x**2 + 13*x + 3. Let s be n(-13). Let u = -22 + 32. Let o = u - s. What are the prime factors of o?
7
Suppose -c + 5*s + 21 = 0, 0 = -c + s + 4 + 9. Suppose 2*q = -p + 19, -29 = -0*p - p + 3*q. Let a = p - c. What are the prime factors of a?
2, 3
Let w(j) = -41*j + 2. Let a be w(-2). Suppose -6*g = -3*g - a. List the prime factors of g.
2, 7
Let p(z) = -13*z - 17. Let a(k) = -19*k - 25. Let c(b) = 5*a(b) - 8*p(b). Let r(f) = -13*f - 17. Let m(j) = 7*c(j) + 5*r(j). List the prime factors of m(-6).
2
Suppose 3*d - 8 = 10. Let w(n) = n**3 + 17*n**2 + 15*n - 1. Let b be w(-16). Suppose b = -5*u + d*u. List the prime factors of u.
3, 5
Suppose -3*k + 0 + 20 = 4*y, -4*y + 20 = k. What are the prime factors of y?
5
Let p = -210 - -544. List the prime factors of p.
2, 167
Suppose 5*v = -20, -4*o + 2*o + 5*v + 58 = 0. Let q = 19 + o. List the prime factors of q.
2, 19
Suppose 0 = -3*d, r - 2*d + 8 = 2*r. Let f be (-2)/5 + (-24)/(-10). Let t = r - f. List the prime factors of t.
2, 3
Suppose s - 4 = 3. Let h(j) = 10 + j**2 + 0*j - 7*j + 0*j**2. List the prime factors of h(s).
2, 5
Let m be (10/8)/(1/(-8)). List the prime factors of (-132)/m + 2/(-10).
13
Let a be (3/(-2))/(3/(-158)). Let r = -49 + a. List the prime factors of r.
2, 3, 5
Let g(h) = 32*h**2 - h. List the prime factors of g(2).
2, 3, 7
Let x = 3 + 4. What are the prime factors of (-3)/x + 1099/49?
2, 11
Let d be (-22)/12 + 5/(-30). Let m be (78/18)/(d/(-12)). Suppose 2*f - m = 2. What are the prime factors of f?
2, 7
Let n = 98 - 77. What are the prime factors of n?
3, 7
What are the prime factors of 2/(-7) - (-5)/(210/222)?
5
Suppose 0 = 5*t - 37 - 128. What are the prime factors of t?
3, 11
Suppose -2*c = 3*c + 25, 41 = -4*s - 5*c. Let f(q) = -6*q - 6. Let x be f(s). Let h = x - 8. What are the prime factors of h?
2, 5
Suppose -5*h + 448 - 23 = 0. Let l = h + -52. Suppose 5*v + 0 = -2*q + 30, -2*v = 5*q - l. What are the prime factors of v?
2
Let v = -9 - -13. Let n = v - -5. List the prime factors of n.
3
Let r(o) = -o**2 - 10*o. Suppose x + 0*x = -v - 12, -x - 4*v - 24 = 0. What are the prime factors of r(x)?
2
Let n(s) = 68*s**3 + 2*s**2 - s. List the prime factors of n(1).
3, 23
Suppose 4*s = 2*t - 114, -5*s - 81 = -3*t + 89. List the prime factors of t.
5, 11
Suppose 2*s = 8, -s + 45 = 5*l - 14. Let k = 61 - l. Suppose -i + k = 3*h, 3*h - 46 = 3*i - 5*i. What are the prime factors of h?
2, 3
Suppose 16 = 3*u + u. Suppose -5*t = 5*a - 15, -u*a + 0*t + 19 = -3*t. Suppose 5 = -a*r + 13. List the prime factors of r.
2
Suppose -3*q + 7*q - 4*h - 8 = 0, 2*q - h = 4. Suppose -q*y - 42 = -4*y. Suppose -l + y = 2*l. List the prime factors of l.
7
Suppose 0 = 3*r - 4*s - 46, r + 2*s = 5*s + 22. Suppose 2*i = 22 + r. What are the prime factors of i?
2
Let d = -17 - -20. Suppose 6 = -n + d*k, -2*k - 41 = -4*n - 3*k. List the prime factors of n.
3
Let n = -5 - -3. Let b be (-1 + 0)*-1 - n. Suppose -s + 2*m + 18 = 7*m, b*s + 4*m = 21. List the prime factors of s.
3
Suppose -6*x + 3*x = -54. What are the prime factors of x?
2, 3
Suppose 2 = 3*t - 16. Suppose -3*d - 28 = -5*z, 2*d = -z + t*z - 27